e prime factors of p(-7).
2, 59, 61
Suppose 17*j = -30*j - 40*j + 655197. List the prime factors of j.
17, 443
List the prime factors of (2/10 + 55244/280)/((-2)/(-100)).
5, 79
Suppose 62*a - 61*a = -4*x + 2866, -5*x - 11590 = -4*a. What are the prime factors of a?
2, 5, 17
Suppose 0 = m - 58 + 54. List the prime factors of 5204/(-6)*(m - (-44)/(-8)).
1301
Suppose -3*u + 163*q - 164*q = -90407, -3*q = u - 30141. List the prime factors of u.
3, 5, 7, 41
Let v be (-2 - 0 - 10/(-8))*8. Let n be -2 - (-226)/v - 8/6. Let p = -35 - n. What are the prime factors of p?
2, 3
Let j be -3 + 2 + 3 + 1439. Suppose 4*y = -16, 3*g + 0*g - 4*y - j = 0. What are the prime factors of g?
5, 19
Suppose 4*b = d + 56, 2*d = -2*d + 5*b - 180. Let f = 113 - d. List the prime factors of f.
3, 17
Suppose 4*d + 35 = 119. Let k(n) = n**2 - 21*n + 11. Let g be k(d). Suppose 0 = 6*q - g*q + 510. List the prime factors of q.
2, 3, 17
Let s = 142 + -144. Suppose t + 5172 = 5*t. What are the prime factors of t/12 + s/(-8)?
2, 3
Let t(n) = -2*n - 4*n**3 - 7*n**3 - 3*n**3 + 5*n**3 + 2 - 4*n**2. Let x be (2/(-5))/((-2)/(-10)). What are the prime factors of t(x)?
2, 31
Let x(s) be the second derivative of -s**5/20 - s**4/3 - s**3 - 7*s**2/2 + 738*s. Let a be ((-6)/(-8))/(1/(-4)). What are the prime factors of x(a)?
2
Let h = -108 + 111. Suppose -y - 2*b + 72 = 0, -5*b - 241 + 47 = -h*y. What are the prime factors of y?
2, 17
Suppose 0*f - 30 = -5*f. Suppose 0 = 4*w - f*w + 156. Let t = w + 13. List the prime factors of t.
7, 13
List the prime factors of (1 + -8)/(((-64)/(-34832))/(-4)).
7, 311
Let s(c) = 294*c**2 + 27*c - 128. List the prime factors of s(4).
2, 1171
What are the prime factors of -7861*13/(-91)*2?
2, 1123
Suppose 3*y - 2566 = 98 - 588. What are the prime factors of y?
2, 173
Let l be (-34 + 1)*-3*1089/27. Suppose 0 = 7*c + 4*c - l. What are the prime factors of c?
3, 11
Let u(j) = -j**3 - 26*j**2 + 6*j + 150. Let f be u(-23). Let c = f + 2801. List the prime factors of c.
2, 613
Let g = -3 - -10. Let l(z) = 24*z + 738 - 418 - 363. What are the prime factors of l(g)?
5
List the prime factors of 70399 + -1 + (24/204 - 98/(-34)).
3, 31, 757
Suppose -681 = -5*j + 839. Suppose -5*l - j = -l. Let x = 175 + l. List the prime factors of x.
3, 11
Let q be (-21)/(-9) + -3 + (-4894)/(-6). Let c = -144 + q. What are the prime factors of c?
11, 61
Suppose 0 = -78*a - 47*a + 791750. List the prime factors of a.
2, 3167
Suppose 0 = -4*w - 2*j - j + 12, -15 = -5*w - j. Suppose 3*y + 110 = 2*u - 350, w*u = -4*y + 690. Suppose -n + u = n. List the prime factors of n.
5, 23
Let w(h) = h**3 - 7*h**2 - 4*h + 4. Let l = 93 + -82. List the prime factors of w(l).
2, 3, 37
Suppose -161181 = -27*u + 21555. What are the prime factors of u?
2, 3, 47
Let t be ((-14)/(-4))/1 + 15/30. Suppose 5*d + 3*v - 31 = 4*v, t*v = d - 10. Suppose d*z = -0*z + 12. List the prime factors of z.
2
Let k(o) = o**3 + 6*o**2 + 158*o - 27. What are the prime factors of k(16)?
3, 2711
Let j be 6 + (-39)/26*16/6. Suppose 2*o = a - 768, 6*a - j*a - 3*o - 3087 = 0. List the prime factors of a.
2, 3, 43
Let m = 32513 - 11956. List the prime factors of m.
61, 337
Let j = -21 - -27. Suppose 3*k + 0 - j = 0. Suppose -k*u + 132 = -24. List the prime factors of u.
2, 3, 13
Let r(t) = -1588*t + 139. What are the prime factors of r(-25)?
39839
Let f(i) be the second derivative of i**4/6 - i**3/3 + 3*i**2 + 11*i. Let u be f(0). Suppose -8*j = u*j - 1386. List the prime factors of j.
3, 11
Let s(c) = -c**2 - 2*c + 10. Suppose 23 = -5*o - n, -3*o - 2*n - n = 21. Let g be s(o). What are the prime factors of (-3)/((-3)/44*g)?
2, 11
Let w(i) = 17*i**2 + 27*i - 229. What are the prime factors of w(-16)?
3691
Suppose 0 = 5*t - 0*t + 235. Let i = t - -43. List the prime factors of (-6)/i*72/27.
2
Suppose 3*i - 3*l - 20058 = 0, l + 33438 = 5*i - 0*l. List the prime factors of i.
2, 11, 19
Let o(d) = d**3 - 12*d**2 + 14*d - 48. Let z be o(11). Let a = z + 138. What are the prime factors of a?
3, 41
Suppose -2*w + 3*d + 0 - 14 = 0, 0 = 2*w + 3*d - 10. Let g be (w + -59)/(-4) + -4. List the prime factors of 38 - ((-5)/20 - g/4).
41
What are the prime factors of (1400/180 + (-1)/9)/(13/6630)?
2, 5, 17, 23
Suppose 24*p - 37*p - 74*p + 860778 = 0. List the prime factors of p.
2, 3, 17, 97
Let h(f) = 13*f**2 + 186*f - 1931. What are the prime factors of h(10)?
1229
Suppose 3*g = -5*h + 267014, 4*h + 21*g - 241260 = -27500. List the prime factors of h.
2, 26699
Let u(p) = -p**3 - 10*p**2 - p - 4. Let w be u(-9). Let z(h) = h**3 - 15*h**2 - 20*h - 6. Let y be z(16). Let k = y - w. What are the prime factors of k?
2, 3
Suppose 10*l + 19776 - 28867 = 35179. List the prime factors of l.
19, 233
Let v = 20294 + -7931. List the prime factors of v.
3, 13, 317
Suppose -3*j + f + 5 - 1 = 0, 18 = 5*j + 4*f. Suppose 25*w - 1625 = -150. What are the prime factors of j*w + 5 + -5?
2, 59
Suppose 0 = -3*y + 4*p + 40, -y + p + 0*p = -12. Let r(z) = -410*z - 20. Let g be r(y). What are the prime factors of 0 - 1 - g/22?
149
Let a(o) = -o**3 + 15*o**2 + 4*o. Let t = 96 + -89. Let l be a(t). What are the prime factors of (l/6)/(1 - 8/12)?
2, 3, 5, 7
Suppose -734*k + 795*k - 1294359 = 0. List the prime factors of k.
3, 11, 643
Suppose -29*y + 21 = -28*y. Let q = y - 24. What are the prime factors of (-5 + (-30)/q)*1*9?
3, 5
Let g(i) = -i**2 - 193*i + 201. List the prime factors of g(-79).
3, 11, 31
Suppose -3*q - 4*c + 3257 = -853, 1370 = q + 3*c. Suppose q + 1850 = 20*n. List the prime factors of n.
7, 23
Let m(j) = 10*j**2 + 15*j - 51. Suppose 5*b + 3*w = 23, 4*b + w - 25 = -1. List the prime factors of m(b).
2, 17
Suppose -7*v - 1278 + 3023 = -73393. List the prime factors of v.
2, 3, 1789
Suppose 2*t - 1187 = -m, 4*t - 1014 - 1375 = m. Suppose u + 596 = 2*a, 5*a + u - t = 3*a. Suppose 0 = -4*p - a + 1222. What are the prime factors of p?
3, 7, 11
Suppose -5*z - 2*q - 30 = 0, 3*q - 14 = -4*z - 38. Let x be (4 + 317)*z/9. Let o = -122 - x. List the prime factors of o.
2, 23
Let p(v) = -81*v - 4. Let c(z) = -z - 1. Let x(s) = 4*c(s) - p(s). Suppose 12*q = 20 - 8. What are the prime factors of x(q)?
7, 11
Suppose -33*f = -40*f + 28. Suppose -5*y - 3*s = -6*y - 1, f*y + 3*s = 56. Let a(u) = -u**3 + 13*u**2 + 13. List the prime factors of a(y).
3, 5, 17
Let f = -4445 + 10043. List the prime factors of f.
2, 3, 311
Let h(a) = 50*a - 302. Let l be h(6). What are the prime factors of l + 7/4 - (-111125)/100?
11, 101
Let w = -88 + 84. Let b be 454 + -1 + 4/w. Suppose b + 688 = 6*x. What are the prime factors of x?
2, 5, 19
Suppose 28 = 7*m + 7*m. Suppose 0 = i + 4*v - 73, -3*v - 245 = -5*i + v. Suppose 5*d - 40 = -2*q, 0 = 3*d - m*q + 13 - i. List the prime factors of d.
2, 5
Suppose 19*y = 32*y - 65. Suppose y*l - 5*j = 310, 3*l + 8*j = 3*j + 178. List the prime factors of l.
61
Let y(s) = -s**2 - 9*s - 15. Let c be y(-6). Suppose -c*k - 1 = -16. List the prime factors of 2/k*(-3535)/(-14).
101
Suppose -4*o - 25 = -a, -46 = -5*a - 4*o + 7. Suppose -a*v = -7080 + 619. List the prime factors of v.
7, 71
Suppose -25 = -6*a + 59. Let g = a + -10. What are the prime factors of g/18 - 1504/(-36)?
2, 3, 7
Suppose -4*c = 9 - 29. Let m(k) = -4*k**2 + 84*k + 11. Let j be m(21). Let i = j + c. List the prime factors of i.
2
Suppose 0 = 4*o - 2*v - 76066, -240*o = -239*o - v - 19018. List the prime factors of o.
5, 3803
Let g = 131 - 86. Let k = g - 45. List the prime factors of (-2868)/(-21) - ((-4)/(-7) - k).
2, 17
Let h(u) = -23030*u + 286. List the prime factors of h(-1).
2, 3, 29, 67
Suppose 322572 = 5*p + u, 14*p - 258069 = 10*p + 3*u. What are the prime factors of p?
3, 5, 11, 17, 23
Suppose -2*p - 3384 = -8*p. Suppose b + 0*b = i + 284, i + p = 2*b. List the prime factors of b.
2, 5, 7
Suppose 4*q = 2*c - 10, -q + 20 = -6*q. Suppose 15*j = -0*j + 14220. List the prime factors of j/4 + 2 + c.
2, 59
Let q = -34 - -36. Suppose 5*j + t = 21, q*j + 2*t - 11 = -1. Suppose -13*n + 891 = -j*n. List the prime factors of n.
3, 11
Let z = 15807 - 6879. What are the prime factors of z?
2, 3, 31
Let m(f) = 28*f**2 + 20*f - 19. What are the prime factors of m(13)?
4973
Let i = 115 + -113. Let l(x) = x + 2. Let b be l(i). Suppose 4*q = 5*q - 2*n - 268, -b*q + 1063 = -5*n. What are